{"id":149,"date":"2015-10-15T17:55:51","date_gmt":"2015-10-15T15:55:51","guid":{"rendered":"http:\/\/osiiims.splet.arnes.si\/?page_id=149"},"modified":"2017-10-13T12:09:24","modified_gmt":"2017-10-13T10:09:24","slug":"nasa-vizija","status":"publish","type":"page","link":"https:\/\/osiiims.splet.arnes.si\/?page_id=149","title":{"rendered":"Na\u0161a vizija"},"content":{"rendered":"<p style=\"text-align: center\"><span style=\"color: #ff0000\"><em><span style=\"font-size: medium\"><strong>NA\u0160A VIZIJA<\/strong><\/span><\/em><\/span><\/p>\n<p style=\"margin: 0cm 0cm 0pt;text-align: center\"><strong><em><span style=\"color: #ff0000\">&#8220;Odprimo vrata znanju,<\/span><br \/>\n<span style=\"color: #ff0000\"> ker si to \u017eelimo, zmoremo in<\/span><br \/>\n<span style=\"color: #ff0000\"> z njimi \u017eivimo.<\/span><br \/>\n<span style=\"color: #ff0000\"> \u0160ola naj bo varna,<\/span><br \/>\n<span style=\"color: #ff0000\"> brez nasilja in ustvarjalna&#8221;<\/span><br \/>\n<\/em><\/strong><\/p>\n<p style=\"text-align: center\"><span style=\"color: #ff6600\"><em><span style=\"font-size: medium\"><strong>NA\u0160E POSLANSTVO<br \/>\n<\/strong><\/span><\/em><\/span><\/p>\n<p style=\"text-align: center\"><strong><em><span style=\"color: #ff6600\">Z motivacijo razvijati samozavestne,<\/span><br \/>\n<span style=\"color: #ff6600\"> spo\u0161tljive, ustvarjalne in razgledane osebnosti<\/span><br \/>\n<span style=\"color: #ff6600\"> ter jih spodbujati k rezultatom,<\/span><br \/>\n<span style=\"color: #ff6600\"> ki so jih sposobni dose\u010di<\/span><br \/>\n<span style=\"color: #ff6600\"> za \u017eivljenje prihodnosti.<\/span><br \/>\n<\/em><\/strong><\/p>\n<p style=\"text-align: center\"><span style=\"color: #ffcc00\"><em><span style=\"font-size: medium\"><strong>NA\u0160E VREDNOTE<\/strong><\/span><\/em><\/span><\/p>\n<p style=\"text-align: center\"><span style=\"color: #ffcc00\"><strong><em>Znanje,<\/em><\/strong><\/span><br \/>\n<span style=\"color: #ffcc00\"> <strong> <em> vedo\u017eeljnost,<\/em><\/strong><\/span><br \/>\n<span style=\"color: #ffcc00\"> <strong> <em> strpnost,<\/em><\/strong><\/span><br \/>\n<span style=\"color: #ffcc00\"> <strong> <em> odgovornost,<\/em><\/strong><\/span><br \/>\n<span style=\"color: #ffcc00\"> <strong> <em> prijaznost,<\/em><\/strong><\/span><br \/>\n<span style=\"color: #ffcc00\"> <strong> <em> spo\u0161tovanje.<\/em><\/strong><\/span><\/p>\n<p style=\"text-align: center\"><span style=\"color: #008000\"><em><span style=\"font-size: medium\"><strong>NA\u0160A NA\u010cELA<\/strong><\/span><\/em><\/span><\/p>\n<p style=\"text-align: center\"><span style=\"color: #008000\"><strong><em>Na na\u0161i \u0161oli vsi:<br \/>\nPridobivamo nova znanja za \u017eivljenje.<br \/>\n<\/em><em>Smo vljudni in zgled ostalim.<br \/>\n<\/em><\/strong><\/span><em><span style=\"color: #008000\"><strong>Upo\u0161tevamo &#8211; sprejemamo druge in druga\u010dne.<\/strong><\/span><br \/>\n<span style=\"color: #008000\"> <strong> Smo odgovorni za svoja dejanja.<\/strong><\/span><br \/>\n<span style=\"color: #008000\"> <strong> Spo\u0161tujemo lastnino \u0161ole in drugih.<\/strong><\/span><br \/>\n<span style=\"color: #008000\"> <strong> Skrbimo za urejenost \u0161ole in okolice.<\/strong><\/span><br \/>\n<\/em><\/p>\n","protected":false},"excerpt":{"rendered":"<p>NA\u0160A VIZIJA &#8220;Odprimo vrata znanju, ker si to \u017eelimo, zmoremo in z njimi \u017eivimo. \u0160ola naj bo varna, brez nasilja in ustvarjalna&#8221; NA\u0160E POSLANSTVO Z motivacijo razvijati samozavestne, spo\u0161tljive, ustvarjalne [&hellip;]<\/p>\n","protected":false},"author":6834,"featured_media":0,"parent":0,"menu_order":0,"comment_status":"closed","ping_status":"closed","template":"","meta":{"ngg_post_thumbnail":0,"footnotes":""},"class_list":["post-149","page","type-page","status-publish","hentry"],"_links":{"self":[{"href":"https:\/\/osiiims.splet.arnes.si\/index.php?rest_route=\/wp\/v2\/pages\/149","targetHints":{"allow":["GET"]}}],"collection":[{"href":"https:\/\/osiiims.splet.arnes.si\/index.php?rest_route=\/wp\/v2\/pages"}],"about":[{"href":"https:\/\/osiiims.splet.arnes.si\/index.php?rest_route=\/wp\/v2\/types\/page"}],"author":[{"embeddable":true,"href":"https:\/\/osiiims.splet.arnes.si\/index.php?rest_route=\/wp\/v2\/users\/6834"}],"replies":[{"embeddable":true,"href":"https:\/\/osiiims.splet.arnes.si\/index.php?rest_route=%2Fwp%2Fv2%2Fcomments&post=149"}],"version-history":[{"count":17,"href":"https:\/\/osiiims.splet.arnes.si\/index.php?rest_route=\/wp\/v2\/pages\/149\/revisions"}],"predecessor-version":[{"id":3025,"href":"https:\/\/osiiims.splet.arnes.si\/index.php?rest_route=\/wp\/v2\/pages\/149\/revisions\/3025"}],"wp:attachment":[{"href":"https:\/\/osiiims.splet.arnes.si\/index.php?rest_route=%2Fwp%2Fv2%2Fmedia&parent=149"}],"curies":[{"name":"wp","href":"https:\/\/api.w.org\/{rel}","templated":true}]}}