{"id":195,"date":"2015-10-28T10:46:43","date_gmt":"2015-10-28T09:46:43","guid":{"rendered":"http:\/\/osiiims.splet.arnes.si\/?page_id=195"},"modified":"2018-05-24T11:19:33","modified_gmt":"2018-05-24T09:19:33","slug":"svetovalna-sluzba","status":"publish","type":"page","link":"https:\/\/osiiims.splet.arnes.si\/?page_id=195","title":{"rendered":"Koti\u010dek svetovalne slu\u017ebe"},"content":{"rendered":"<p style=\"text-align: center\"><strong><em>&#8220;Stvari nikoli niso tak\u0161ne kot so. Vedno so to, kar z njimi napravimo.<\/em><\/strong><br \/>\n<strong><em> Ne pustite stvari naklju\u010dju, raje se obrnite na \u0161olsko svetovalno slu\u017ebo.<\/em><\/strong><br \/>\n<strong><em> Skupaj zmoremo ve\u010d! &#8221;<br \/>\n<\/em><\/strong><br \/>\nPozdravljeni na spletni strani svetovalne slu\u017ebe O\u0160 III Murska Sobota!<br \/>\nZ raznimi prispevki, spletnimi povezavami, nasveti vam bomo pomagali pri premagovanju te\u017eav, soo\u010danju z novimi izzivi, vas seznanili z raznimi vsebinami, ki se dotikajo na\u0161ega dela.<\/p>\n<p><span style=\"color: #ff0000\"><strong>Uspe\u0161no u\u010denje:<\/strong><\/span><\/p>\n<p><img loading=\"lazy\" decoding=\"async\" class=\" wp-image-3277 alignleft\" src=\"http:\/\/osiiims.splet.arnes.si\/files\/2017\/10\/uspesno-uecenje_1.jpg\" alt=\"\" width=\"102\" height=\"108\" srcset=\"https:\/\/osiiims.splet.arnes.si\/files\/2017\/10\/uspesno-uecenje_1.jpg 240w, https:\/\/osiiims.splet.arnes.si\/files\/2017\/10\/uspesno-uecenje_1-52x55.jpg 52w\" sizes=\"auto, (max-width: 102px) 100vw, 102px\" \/><\/p>\n<p>&nbsp;<\/p>\n<p>&nbsp;<\/p>\n<p>&nbsp;<\/p>\n<p>&nbsp;<\/p>\n<ul>\n<li><a href=\"https:\/\/osiiims.splet.arnes.si\/?ddownload=205\" title=\"Kako se u\u010diti\" rel=\"nofollow\" class=\"ddownload-link id-205 ext-pdf\">Kako se u\u010diti<\/a><\/li>\n<li><a href=\"https:\/\/osiiims.splet.arnes.si\/?ddownload=202\" title=\"Moj koledar\u010dek\" rel=\"nofollow\" class=\"ddownload-link id-202 ext-pdf\">Moj koledar\u010dek<\/a><\/li>\n<li><a href=\"https:\/\/osiiims.splet.arnes.si\/?ddownload=203\" title=\"Moja redovalnica\" rel=\"nofollow\" class=\"ddownload-link id-203 ext-pdf\">Moja redovalnica<\/a><\/li>\n<li><a href=\"https:\/\/osiiims.splet.arnes.si\/?ddownload=204\" title=\"Tedenski na\u010drt\" rel=\"nofollow\" class=\"ddownload-link id-204 ext-pdf\">Tedenski na\u010drt<\/a><\/li>\n<\/ul>\n<hr \/>\n<p><span style=\"color: #ff0000\"><strong>Izbirni predmeti<\/strong><\/span><\/p>\n<p style=\"text-align: left\"><a href=\"http:\/\/osiiims.splet.arnes.si\/files\/2016\/04\/IP.jpg\"><img loading=\"lazy\" decoding=\"async\" class=\" wp-image-905\" src=\"http:\/\/osiiims.splet.arnes.si\/files\/2016\/04\/IP.jpg\" alt=\"IP\" width=\"110\" height=\"84\" srcset=\"https:\/\/osiiims.splet.arnes.si\/files\/2016\/04\/IP.jpg 274w, https:\/\/osiiims.splet.arnes.si\/files\/2016\/04\/IP-72x55.jpg 72w\" sizes=\"auto, (max-width: 110px) 100vw, 110px\" \/><\/a><\/p>\n<ul>\n<li style=\"text-align: left\"><a href=\"http:\/\/osiiims.splet.arnes.si\/files\/2018\/05\/zlo\u017eenka-Izbirni-predmeti-za-spletno-stran-2018.pdf\">Izbirni predmeti<\/a><\/li>\n<\/ul>\n<hr \/>\n<p>&nbsp;<\/p>\n<p><strong><span style=\"color: #ff0000\">Poklicna orientacija<\/span><\/strong><\/p>\n<p><img loading=\"lazy\" decoding=\"async\" class=\" wp-image-3243 alignleft\" src=\"http:\/\/osiiims.splet.arnes.si\/files\/2017\/10\/poklicna-orientacija_1.jpg\" alt=\"\" width=\"105\" height=\"82\" srcset=\"https:\/\/osiiims.splet.arnes.si\/files\/2017\/10\/poklicna-orientacija_1.jpg 307w, https:\/\/osiiims.splet.arnes.si\/files\/2017\/10\/poklicna-orientacija_1-300x235.jpg 300w, https:\/\/osiiims.splet.arnes.si\/files\/2017\/10\/poklicna-orientacija_1-70x55.jpg 70w\" sizes=\"auto, (max-width: 105px) 100vw, 105px\" \/><\/p>\n<p>&nbsp;<\/p>\n<p>&nbsp;<\/p>\n<p>&nbsp;<\/p>\n<p><a href=\"http:\/\/osiiims.splet.arnes.si\/files\/2016\/05\/Program-poklicne-orientacije.pdf\">Program poklicne orientacije<\/a><\/p>\n<p><a href=\"http:\/\/www.mojaizbira.si\/\">Moja izbira<\/a><\/p>\n<p>&nbsp;<\/p>\n<hr \/>\n<p>&nbsp;<\/p>\n<p><strong><span style=\"color: #ff0000\">Vpis v prvi razred<\/span><\/strong><\/p>\n<p>&nbsp;<\/p>\n<p><img loading=\"lazy\" decoding=\"async\" class=\" wp-image-3249 alignleft\" src=\"http:\/\/osiiims.splet.arnes.si\/files\/2017\/10\/vpis-v-prvi-razred-2_1.jpg\" alt=\"\" width=\"102\" height=\"100\" srcset=\"https:\/\/osiiims.splet.arnes.si\/files\/2017\/10\/vpis-v-prvi-razred-2_1.jpg 245w, https:\/\/osiiims.splet.arnes.si\/files\/2017\/10\/vpis-v-prvi-razred-2_1-56x55.jpg 56w, https:\/\/osiiims.splet.arnes.si\/files\/2017\/10\/vpis-v-prvi-razred-2_1-30x30.jpg 30w\" sizes=\"auto, (max-width: 102px) 100vw, 102px\" \/><\/p>\n<p>&nbsp;<\/p>\n<p>&nbsp;<\/p>\n<p>&nbsp;<\/p>\n<p><a href=\"http:\/\/osiiims.splet.arnes.si\/files\/2016\/05\/Z-lahkimi-koraki-v-solo.pdf\">Z lahkimi koraki v \u0161olo<\/a><\/p>\n<p><a href=\"http:\/\/osiiims.splet.arnes.si\/files\/2016\/05\/Postopek-vpisa-v-prvi-razred-osnovne-sole.pdf\">Postopek vpisa v prvi razred<\/a><\/p>\n<hr \/>\n<p>&nbsp;<\/p>\n<p><span style=\"color: #ff0000\"><strong>Razedne ure<\/strong><\/span><\/p>\n<p><a href=\"http:\/\/osiiims.splet.arnes.si\/files\/2016\/05\/PROGRAM-RAZREDNIH-UR-splosen.pdf\">Program razrednih ur<\/a><\/p>\n<p>&nbsp;<\/p>\n<hr \/>\n<p>&nbsp;<\/p>\n<p><span style=\"color: #ff0000\"><strong>Nadarjeni u\u010denci<\/strong><\/span><\/p>\n<p><img loading=\"lazy\" decoding=\"async\" class=\"wp-image-3239 alignleft\" src=\"http:\/\/osiiims.splet.arnes.si\/files\/2017\/10\/nadarjeni-u\u010denci.png\" alt=\"\" width=\"103\" height=\"126\" srcset=\"https:\/\/osiiims.splet.arnes.si\/files\/2017\/10\/nadarjeni-u\u010denci.png 504w, https:\/\/osiiims.splet.arnes.si\/files\/2017\/10\/nadarjeni-u\u010denci-245x300.png 245w, https:\/\/osiiims.splet.arnes.si\/files\/2017\/10\/nadarjeni-u\u010denci-45x55.png 45w\" sizes=\"auto, (max-width: 103px) 100vw, 103px\" \/><\/p>\n<p>&nbsp;<\/p>\n<p>&nbsp;<\/p>\n<p>&nbsp;<\/p>\n<p>&nbsp;<\/p>\n<p><a href=\"http:\/\/osiiims.splet.arnes.si\/files\/2016\/05\/DELO-Z-NADARJENIMI-UCENCI-splet.pdf\">Delo z nadarjenimi u\u010denci<\/a><\/p>\n<p>&nbsp;<\/p>\n<hr \/>\n<p>&nbsp;<\/p>\n<p><strong><span style=\"color: #ff0000\">Vpis v srednjo \u0161olo<\/span><\/strong><\/p>\n<p><img loading=\"lazy\" decoding=\"async\" class=\" wp-image-3251 alignleft\" src=\"http:\/\/osiiims.splet.arnes.si\/files\/2017\/10\/vpis-v-srednjo-\u0161olo-2_1.jpg\" alt=\"\" width=\"113\" height=\"58\" srcset=\"https:\/\/osiiims.splet.arnes.si\/files\/2017\/10\/vpis-v-srednjo-\u0161olo-2_1.jpg 320w, https:\/\/osiiims.splet.arnes.si\/files\/2017\/10\/vpis-v-srednjo-\u0161olo-2_1-300x154.jpg 300w, https:\/\/osiiims.splet.arnes.si\/files\/2017\/10\/vpis-v-srednjo-\u0161olo-2_1-107x55.jpg 107w, https:\/\/osiiims.splet.arnes.si\/files\/2017\/10\/vpis-v-srednjo-\u0161olo-2_1-220x110.jpg 220w\" sizes=\"auto, (max-width: 113px) 100vw, 113px\" \/><\/p>\n<p>&nbsp;<\/p>\n<p>&nbsp;<\/p>\n<p><a href=\"http:\/\/osiiims.splet.arnes.si\/files\/2017\/10\/ROKOVNIK-ZA-VPIS-2017-18.pdf\">Rokovnik za vpis<\/a><\/p>\n<p>Razpisana mesta s kazalom regij<\/p>\n<p><a href=\"http:\/\/osiiims.splet.arnes.si\/files\/2017\/10\/DIJASKI-DOMOVIrazpis-2017_18_PRILOGA6.pdf\">Razpis za sprejem v dija\u0161ke domove<\/a><\/p>\n<p><a href=\"http:\/\/osiiims.splet.arnes.si\/files\/2017\/10\/Dijaski_dom_Prijavnica.pdf\">Prijavnica za vpis v dija\u0161ki dom<\/a><\/p>\n<p><a href=\"http:\/\/www.mizs.gov.si\/fileadmin\/mizs.gov.si\/pageuploads\/podrocje\/ss\/Razpis_18-19\/izpis10042018022206.pdf\">Informacije o \u0161tevilu prijav<\/a><\/p>\n<p><strong><span style=\"color: #ff0000\">\u0160tipendije<\/span><\/strong><\/p>\n<div><a href=\"http:\/\/www.sklad-kadri.si\/si\/stipendije\/\">Zoisova, kadrovska in deficitarna \u0161tipendija<\/a><\/div>\n<p><a href=\"http:\/\/www.csd-ms.si\/?page_id=32\">Dr\u017eavna \u0161tipendija<\/a><\/p>\n<p>&nbsp;<\/p>\n<hr \/>\n<p><strong><span style=\"color: #ff0000\">Nacionalno preverjanje znanja<\/span><\/strong><\/p>\n<p><img loading=\"lazy\" decoding=\"async\" class=\" wp-image-3241 alignleft\" src=\"http:\/\/osiiims.splet.arnes.si\/files\/2017\/10\/NPZ_1.jpg\" alt=\"\" width=\"104\" height=\"96\" srcset=\"https:\/\/osiiims.splet.arnes.si\/files\/2017\/10\/NPZ_1.jpg 261w, https:\/\/osiiims.splet.arnes.si\/files\/2017\/10\/NPZ_1-60x55.jpg 60w\" sizes=\"auto, (max-width: 104px) 100vw, 104px\" \/><\/p>\n<p>&nbsp;<\/p>\n<p>&nbsp;<\/p>\n<p>&nbsp;<\/p>\n<p><a href=\"http:\/\/www.ric.si\/preverjanje_znanja\/splosne_informacije\/\">Informacije o nacionalnem preverjanju znanja<\/a><\/p>\n<p>&nbsp;<\/p>\n<p>&nbsp;<\/p>\n<p>&nbsp;<\/p>\n","protected":false},"excerpt":{"rendered":"<p>&#8220;Stvari nikoli niso tak\u0161ne kot so. Vedno so to, kar z njimi napravimo. Ne pustite stvari naklju\u010dju, raje se obrnite na \u0161olsko svetovalno slu\u017ebo. Skupaj zmoremo ve\u010d! &#8221; Pozdravljeni na [&hellip;]<\/p>\n","protected":false},"author":41,"featured_media":0,"parent":0,"menu_order":0,"comment_status":"closed","ping_status":"closed","template":"","meta":{"ngg_post_thumbnail":0,"footnotes":""},"class_list":["post-195","page","type-page","status-publish","hentry"],"_links":{"self":[{"href":"https:\/\/osiiims.splet.arnes.si\/index.php?rest_route=\/wp\/v2\/pages\/195","targetHints":{"allow":["GET"]}}],"collection":[{"href":"https:\/\/osiiims.splet.arnes.si\/index.php?rest_route=\/wp\/v2\/pages"}],"about":[{"href":"https:\/\/osiiims.splet.arnes.si\/index.php?rest_route=\/wp\/v2\/types\/page"}],"author":[{"embeddable":true,"href":"https:\/\/osiiims.splet.arnes.si\/index.php?rest_route=\/wp\/v2\/users\/41"}],"replies":[{"embeddable":true,"href":"https:\/\/osiiims.splet.arnes.si\/index.php?rest_route=%2Fwp%2Fv2%2Fcomments&post=195"}],"version-history":[{"count":69,"href":"https:\/\/osiiims.splet.arnes.si\/index.php?rest_route=\/wp\/v2\/pages\/195\/revisions"}],"predecessor-version":[{"id":4247,"href":"https:\/\/osiiims.splet.arnes.si\/index.php?rest_route=\/wp\/v2\/pages\/195\/revisions\/4247"}],"wp:attachment":[{"href":"https:\/\/osiiims.splet.arnes.si\/index.php?rest_route=%2Fwp%2Fv2%2Fmedia&parent=195"}],"curies":[{"name":"wp","href":"https:\/\/api.w.org\/{rel}","templated":true}]}}