{"id":230,"date":"2015-10-29T14:32:49","date_gmt":"2015-10-29T13:32:49","guid":{"rendered":"http:\/\/osiiims.splet.arnes.si\/?page_id=230"},"modified":"2020-11-01T16:56:18","modified_gmt":"2020-11-01T15:56:18","slug":"razsirjeni-program","status":"publish","type":"page","link":"https:\/\/osiiims.splet.arnes.si\/?page_id=230","title":{"rendered":"Raz\u0161irjeni program (po na\u010delu prostovoljnosti)"},"content":{"rendered":"<p><strong>Programi, ki so za star\u0161e brezpla\u010dni:<\/strong><\/p>\n<ul>\n<li>dopolnilni pouk,<\/li>\n<li>dodatni pouk,<\/li>\n<li>jutranje varstvo za u\u010dence 1. razreda,<\/li>\n<li>podalj\u0161ano bivanje,<\/li>\n<li>interesne dejavnosti,<\/li>\n<li>razli\u010dne oblike individualne in skupinske u\u010dne pomo\u010di u\u010dencem,<\/li>\n<li>gibanje in zdravje za dobro psihi\u010dno in fizi\u010dno po\u010dutje.<\/li>\n<\/ul>\n<p><strong>Programi, ki jih star\u0161i financirajo ali sofinancirajo:<\/strong><\/p>\n<ul>\n<li>naravoslovni teden za u\u010dence 7. razreda (C\u0160OD Gorenje, Zre\u010de, 30. 11. \u2013 4. 12. 2020),<\/li>\n<li>zimska \u0161ola v naravi za u\u010dence 6. razreda (Rogla, 8. 2. \u2013 12. 2. 2021),<\/li>\n<li>naravoslovni teden za u\u010dence 4. razreda (C\u0160OD Lipa, \u010crmo\u0161njice, 22. 3. \u2013 26. 3. 2021),<\/li>\n<li>letna \u0161ola v naravi za u\u010dence 5. razreda (u\u010denje plavanja in spoznavanje obmorskega sveta), Strunjan \u2013 7. &#8211; 11. 6. 2021,<\/li>\n<li>plavalni te\u010daj (2. in 3. razred),<\/li>\n<li>plesni te\u010daj (za u\u010dence 9. razreda),<\/li>\n<li>gledali\u0161ki in lutkovni abonmaji od 1. do 9. razreda,<\/li>\n<li>ogled kulturnih prireditev (kino\u2026),<\/li>\n<li>\u0161olske ekskurzije po programu,<\/li>\n<li>tabori za nadarjene u\u010dence,<\/li>\n<li>obogatitvene dejavnosti in ekskurzija za nadarjene u\u010dence.<\/li>\n<\/ul>\n","protected":false},"excerpt":{"rendered":"<p>Programi, ki so za star\u0161e brezpla\u010dni: dopolnilni pouk, dodatni pouk, jutranje varstvo za u\u010dence 1. razreda, podalj\u0161ano bivanje, interesne dejavnosti, razli\u010dne oblike individualne in skupinske u\u010dne pomo\u010di u\u010dencem, gibanje in [&hellip;]<\/p>\n","protected":false},"author":6834,"featured_media":0,"parent":0,"menu_order":0,"comment_status":"closed","ping_status":"closed","template":"","meta":{"ngg_post_thumbnail":0,"footnotes":""},"class_list":["post-230","page","type-page","status-publish","hentry"],"_links":{"self":[{"href":"https:\/\/osiiims.splet.arnes.si\/index.php?rest_route=\/wp\/v2\/pages\/230","targetHints":{"allow":["GET"]}}],"collection":[{"href":"https:\/\/osiiims.splet.arnes.si\/index.php?rest_route=\/wp\/v2\/pages"}],"about":[{"href":"https:\/\/osiiims.splet.arnes.si\/index.php?rest_route=\/wp\/v2\/types\/page"}],"author":[{"embeddable":true,"href":"https:\/\/osiiims.splet.arnes.si\/index.php?rest_route=\/wp\/v2\/users\/6834"}],"replies":[{"embeddable":true,"href":"https:\/\/osiiims.splet.arnes.si\/index.php?rest_route=%2Fwp%2Fv2%2Fcomments&post=230"}],"version-history":[{"count":7,"href":"https:\/\/osiiims.splet.arnes.si\/index.php?rest_route=\/wp\/v2\/pages\/230\/revisions"}],"predecessor-version":[{"id":9967,"href":"https:\/\/osiiims.splet.arnes.si\/index.php?rest_route=\/wp\/v2\/pages\/230\/revisions\/9967"}],"wp:attachment":[{"href":"https:\/\/osiiims.splet.arnes.si\/index.php?rest_route=%2Fwp%2Fv2%2Fmedia&parent=230"}],"curies":[{"name":"wp","href":"https:\/\/api.w.org\/{rel}","templated":true}]}}