{"id":273,"date":"2015-10-29T15:56:00","date_gmt":"2015-10-29T14:56:00","guid":{"rendered":"http:\/\/osiiims.splet.arnes.si\/?page_id=273"},"modified":"2019-09-26T14:19:43","modified_gmt":"2019-09-26T12:19:43","slug":"skupnost-ucencev","status":"publish","type":"page","link":"https:\/\/osiiims.splet.arnes.si\/?page_id=273","title":{"rendered":"Skupnost u\u010dencev"},"content":{"rendered":"<p>Za uveljavljanje svojih interesov se oddel\u010dne skupnosti povezujejo v skupnost u\u010dencev, katere izvr\u0161ilni organ je \u0161olski parlament. Mentorica skupnosti u\u010dencev je Darja \u017di\u017eek.<\/p>\n<p>Skupnost u\u010dencev \u0161ole sprejme letni program dela in opravlja naslednje naloge:<\/p>\n<ul>\n<li>preko predstavnikov sodeluje pri oblikovanju koncepta vzgojnega na\u010drta \u0161ole,<\/li>\n<li>opozarja na dosledno izvajanje pravil hi\u0161nega reda,<\/li>\n<li>zbira pripombe in predloge oddel\u010dnih skupnosti v zvezi s poukom, z dnevi dejavnosti, ekskurzijami, interesnimi dejavnostmi, s prehrano, prireditvami itd.,<\/li>\n<li>spremlja uresni\u010devanje pravic in dol\u017enosti u\u010dencev ter opozarja ravnatelja in svet \u0161ole na morebitne kr\u0161itve pravic u\u010dencev,<\/li>\n<li>organizira predajo klju\u010da,<\/li>\n<li>oblikuje pravila za bolj\u0161o medsebojno komunikacijo med u\u010denci ter med u\u010denci in odraslimi, enkrat letno poda poro\u010dilo o svojem delu svetu star\u0161ev,<\/li>\n<li>sodeluje v aktivnostih v zvezi z ugotavljanjem kakovosti pri vzgojno-izobra\u017eevalnem delu,<\/li>\n<li>opravlja druge naloge, za katere se dogovorijo u\u010denci.<\/li>\n<\/ul>\n","protected":false},"excerpt":{"rendered":"<p>Za uveljavljanje svojih interesov se oddel\u010dne skupnosti povezujejo v skupnost u\u010dencev, katere izvr\u0161ilni organ je \u0161olski parlament. Mentorica skupnosti u\u010dencev je Darja \u017di\u017eek. Skupnost u\u010dencev \u0161ole sprejme letni program dela [&hellip;]<\/p>\n","protected":false},"author":6834,"featured_media":0,"parent":0,"menu_order":0,"comment_status":"closed","ping_status":"closed","template":"","meta":{"ngg_post_thumbnail":0,"footnotes":""},"class_list":["post-273","page","type-page","status-publish","hentry"],"_links":{"self":[{"href":"https:\/\/osiiims.splet.arnes.si\/index.php?rest_route=\/wp\/v2\/pages\/273","targetHints":{"allow":["GET"]}}],"collection":[{"href":"https:\/\/osiiims.splet.arnes.si\/index.php?rest_route=\/wp\/v2\/pages"}],"about":[{"href":"https:\/\/osiiims.splet.arnes.si\/index.php?rest_route=\/wp\/v2\/types\/page"}],"author":[{"embeddable":true,"href":"https:\/\/osiiims.splet.arnes.si\/index.php?rest_route=\/wp\/v2\/users\/6834"}],"replies":[{"embeddable":true,"href":"https:\/\/osiiims.splet.arnes.si\/index.php?rest_route=%2Fwp%2Fv2%2Fcomments&post=273"}],"version-history":[{"count":8,"href":"https:\/\/osiiims.splet.arnes.si\/index.php?rest_route=\/wp\/v2\/pages\/273\/revisions"}],"predecessor-version":[{"id":5903,"href":"https:\/\/osiiims.splet.arnes.si\/index.php?rest_route=\/wp\/v2\/pages\/273\/revisions\/5903"}],"wp:attachment":[{"href":"https:\/\/osiiims.splet.arnes.si\/index.php?rest_route=%2Fwp%2Fv2%2Fmedia&parent=273"}],"curies":[{"name":"wp","href":"https:\/\/api.w.org\/{rel}","templated":true}]}}