{"id":286,"date":"2015-10-29T16:28:13","date_gmt":"2015-10-29T15:28:13","guid":{"rendered":"http:\/\/osiiims.splet.arnes.si\/?page_id=286"},"modified":"2020-11-01T18:04:11","modified_gmt":"2020-11-01T17:04:11","slug":"casovni-razpored-pouka","status":"publish","type":"page","link":"https:\/\/osiiims.splet.arnes.si\/?page_id=286","title":{"rendered":"\u010casovni razpored pouka"},"content":{"rendered":"<p>Pouk se za\u010dne ob 8.15 uri.<br \/>\n<img loading=\"lazy\" decoding=\"async\" class=\"aligncenter size-full wp-image-9999\" src=\"http:\/\/osiiims.splet.arnes.si\/files\/2020\/11\/\u010casovna-RPU.gif\" alt=\"\" width=\"859\" height=\"671\" \/><br \/>\n*U\u010denci razredne stopnje imajo rekreacijski odmor fleksibilno po potrebi.<\/p>\n<p><strong>Podalj\u0161ano bivanje 1. &#8211; 3. r.:<\/strong> od 12.00 do 15.00; de\u017eurstvo do 16.10.<\/p>\n<p>&#8211;\u00a0 kosilo,<br \/>\n&#8211;\u00a0 usmerjeni prosti \u010das,<br \/>\n&#8211;\u00a0 samostojno u\u010denje,<br \/>\n&#8211;\u00a0 neusmerjeni prosti \u010das,<br \/>\n&#8211;\u00a0 interesne dejavnosti.<\/p>\n<p><strong>Podalj\u0161ano bivanje 4. &#8211; 5. r.:<\/strong> od 12.50 do 14.30; de\u017eurstvo do 16.10.<\/p>\n<p><strong>Jutranje varstvo 1. r.<\/strong>: od 6.15 do 8.15.<\/p>\n","protected":false},"excerpt":{"rendered":"<p>Pouk se za\u010dne ob 8.15 uri. *U\u010denci razredne stopnje imajo rekreacijski odmor fleksibilno po potrebi. Podalj\u0161ano bivanje 1. &#8211; 3. r.: od 12.00 do 15.00; de\u017eurstvo do 16.10. &#8211;\u00a0 kosilo, [&hellip;]<\/p>\n","protected":false},"author":6834,"featured_media":0,"parent":0,"menu_order":0,"comment_status":"closed","ping_status":"closed","template":"","meta":{"ngg_post_thumbnail":0,"footnotes":""},"class_list":["post-286","page","type-page","status-publish","hentry"],"_links":{"self":[{"href":"https:\/\/osiiims.splet.arnes.si\/index.php?rest_route=\/wp\/v2\/pages\/286","targetHints":{"allow":["GET"]}}],"collection":[{"href":"https:\/\/osiiims.splet.arnes.si\/index.php?rest_route=\/wp\/v2\/pages"}],"about":[{"href":"https:\/\/osiiims.splet.arnes.si\/index.php?rest_route=\/wp\/v2\/types\/page"}],"author":[{"embeddable":true,"href":"https:\/\/osiiims.splet.arnes.si\/index.php?rest_route=\/wp\/v2\/users\/6834"}],"replies":[{"embeddable":true,"href":"https:\/\/osiiims.splet.arnes.si\/index.php?rest_route=%2Fwp%2Fv2%2Fcomments&post=286"}],"version-history":[{"count":6,"href":"https:\/\/osiiims.splet.arnes.si\/index.php?rest_route=\/wp\/v2\/pages\/286\/revisions"}],"predecessor-version":[{"id":10001,"href":"https:\/\/osiiims.splet.arnes.si\/index.php?rest_route=\/wp\/v2\/pages\/286\/revisions\/10001"}],"wp:attachment":[{"href":"https:\/\/osiiims.splet.arnes.si\/index.php?rest_route=%2Fwp%2Fv2%2Fmedia&parent=286"}],"curies":[{"name":"wp","href":"https:\/\/api.w.org\/{rel}","templated":true}]}}